48*w + 2149071. What is q(3)?
27
Let m(z) = -z**2 + 1895*z + 824910. What is m(-365)?
10
Let y(a) = 9*a**2 + 4495*a + 40399. Determine y(-9).
673
Let u(i) = i**2 - 2200*i + 159379. Determine u(75).
4
Let g(t) = 2514*t + 17654. Give g(-7).
56
Let t(v) = -v**3 + 47*v**2 - 512*v + 81. Calculate t(30).
21
Let u(g) = -g**3 + 23*g**2 - 72*g + 43. Give u(19).
119
Let q(z) = -z**3 + 74*z**2 + 222*z + 184. What is q(77)?
-509
Let p(h) = -8500*h + 1632009. Give p(192).
9
Let j(x) = 11*x**3 - 1930*x**2 - 69216*x - 2. What is j(206)?
-2
Let j(g) = -242*g**2 - 1901*g - 113. Give j(-8).
-393
Let n(d) = -8065*d + 830719. What is n(103)?
24
Let t(o) = -251*o + 40492. Give t(167).
-1425
Let v(a) = 4514*a + 1385808. Give v(-307).
10
Let c(k) = k**3 + k**2 - 57*k + 340. Give c(7).
333
Let c(u) = -13*u**2 - 1251*u - 174. Give c(-96).
114
Let a(j) = j**3 + 33*j**2 + 156*j - 99. Calculate a(-13).
1253
Let q(c) = -138*c**2 + 37535*c + 369. Determine q(272).
97
Let h(o) = -4078*o + 86. Determine h(0).
86
Let u(c) = -c**3 - 185*c**2 + 6948*c + 909. What is u(-217)?
41
Let x(l) = l**3 - 6*l**2 - 2189*l + 13155. What is x(6)?
21
Let t(u) = -2*u**3 + 52*u**2 - 95*u - 50. Determine t(24).
-26
Let k(m) = 151*m + 33450. Give k(-222).
-72
Let m(x) = 11*x + 668. Calculate m(-60).
8
Let f(s) = -93885*s + 563303. Give f(6).
-7
Let v(y) = -613*y**2 - 31265*y - 116. What is v(-51)?
-14
Let p(k) = -1336*k + 208364. Determine p(156).
-52
Let z(m) = -69*m**2 - 1097*m - 2360. Calculate z(-14).
-526
Let m(d) = -7563*d - 60491. Calculate m(-8).
13
Let i(u) = -64*u**2 + 626*u - 15. Determine i(9).
435
Let i(h) = h**2 + 23876*h + 334010. Give i(-14).
-58
Let g(a) = -5*a**3 - 9*a**2 - a + 12. Calculate g(-8).
2004
Let r(n) = n**2 + 271*n - 29545. Calculate r(-353).
-599
Let f(h) = 21048*h + 189512. Calculate f(-9).
80
Let k(u) = -593*u - 64667. Calculate k(-110).
563
Let v(w) = 3*w**2 - 327*w + 5120. Calculate v(19).
-10
Let o(t) = -t**2 + 717*t - 64248. Calculate o(105).
12
Let j(n) = -n**3 - 345*n**2 - 2055*n - 4024. Give j(-339).
3095
Let j(q) = 304*q - 4131. Calculate j(13).
-179
Let j(c) = 2041*c + 49099. Calculate j(-24).
115
Let p(h) = -2*h**2 + 623*h + 255298. Determine p(-234).
4
Let y(i) = 5*i + 322. What is y(18)?
412
Let o(c) = -2567*c - 17855. Calculate o(-7).
114
Let t(q) = q**3 + 72*q**2 + 147*q + 401. What is t(-70)?
-89
Let l(i) = -523075*i - 9415356. Calculate l(-18).
-6
Let w(q) = 9*q**3 - 77*q**2 - 1316*q - 2257. What is w(-2)?
-5
Let w(z) = -26076*z - 78271. Determine w(-3).
-43
Let n(c) = 2436*c - 46276. Calculate n(19).
8
Let q(c) = 13*c**2 + 1390*c - 1718. Give q(-108).
-206
Let u(h) = -12*h**2 - 163*h + 12. What is u(-13)?
103
Let x(n) = 64*n - 12158. Give x(194).
258
Let x(j) = -j**3 - 431*j**2 + 2122*j - 25283. Calculate x(-436).
5
Let q(r) = 873*r**2 - 7867*r + 337. Determine q(9).
247
Let u(m) = 2*m**2 + 2257*m + 185267. Calculate u(-89).
236
Let p(x) = -22595*x + 90445. Give p(4).
65
Let i(g) = g**2 - 2900*g - 8729. Determine i(-3).
-20
Let q(p) = -2*p**2 + 353*p + 168950. Give q(392).
-2
Let d(m) = m**2 - 1680*m - 27104. What is d(-16)?
32
Let w(i) = -28*i**2 - 1150*i + 242. Calculate w(-42).
-850
Let x(a) = -a**2 + 1481*a + 95545. Calculate x(-62).
-121
Let f(p) = 70989*p + 15475601. Calculate f(-218).
-1
Let a(k) = -9*k**2 + 4708*k - 231706. Give a(55).
9
Let y(h) = -h**3 + 118*h - 279. Determine y(10).
-99
Let q(n) = -8*n + 213. Determine q(5).
173
Let w(b) = b**3 - 112*b**2 - 218*b + 452. Calculate w(114).
1592
Let v(a) = -241664*a - 241664. Give v(-1).
0
Let j(x) = 34*x - 1638. Calculate j(50).
62
Let l(k) = k**3 - 12*k**2 - 165*k - 20. Determine l(-11).
-988
Let u(k) = 137*k + 512. What is u(8)?
1608
Let j(x) = x**2 - 10*x - 365. Determine j(22).
-101
Let u(f) = -19323*f - 11361919. What is u(-588)?
5
Let r(d) = 54*d + 167. Determine r(-23).
-1075
Let g(p) = p**2 + 4063*p - 36668. Calculate g(9).
-20
Let h(p) = 2396*p + 3794. Determine h(-2).
-998
Let m(v) = -493*v**2 - 3434*v + 102. Determine m(-7).
-17
Let z(w) = -w**3 - 75*w**2 - 134*w + 1044. What is z(-73)?
168
Let t(n) = n**3 + 53*n**2 - 7*n + 837. Determine t(-54).
-1701
Let k(m) = 199*m**2 - 675*m - 4. Determine k(4).
480
Let l(f) = 1938*f - 42623. What is l(22)?
13
Let x(j) = 599*j - 6210. What is x(9)?
-819
Let r(x) = -3*x**2 - 28*x + 342. Calculate r(10).
-238
Let b(v) = -919*v + 7678. Give b(9).
-593
Let h(n) = n**3 + 26*n**2 - 11492*n + 386. What is h(-121)?
23
Let i(j) = 754048*j - 3016197. What is i(4)?
-5
Let c(g) = -6*g**3 - 116*g**2 - 16*g - 11. What is c(-18)?
-2315
Let b(p) = -1620*p**2 - 1610*p + 6. What is b(-1)?
-4
Let f(k) = -k**3 + 23*k**2 - 29466*k + 440183. Calculate f(15).
-7
Let s(k) = 103*k**2 + 168*k + 326. Determine s(-2).
402
Let a(u) = -u**2 - 10796*u + 118872. Calculate a(11).
-5
Let o(q) = q**3 + 29*q**2 + 34*q + 233. What is o(-26)?
1377
Let u(o) = o**3 + 404*o**2 + 20383*o + 9659. Calculate u(-345).
-1
Let r(s) = s**3 - 3*s**2 - 75*s + 682. Determine r(7).
353
Let h(f) = -5*f**2 + 615*f - 11051. What is h(22)?
59
Let v(i) = 10524*i + 10558. Give v(-1).
34
Let z(i) = -69*i - 1118. Determine z(-10).
-428
Let w(v) = -v**3 + 12*v**2 + 32964*v - 131991. What is w(4)?
-7
Let g(c) = -c**3 + 70*c**2 - 189*c + 13980. Calculate g(71).
-4480
Let j(g) = 15*g**2 + 457*g + 1750. Determine j(-4).
162
Let g(f) = f**3 - 49*f**2 - 139*f + 479. What is g(51)?
-1408
Let a(t) = 346*t - 88865. Give a(257).
57
Let b(c) = 7674*c - 2386667. Give b(311).
-53
Let a(p) = p**2 - 216*p + 11585. Give a(126).
245
Let q(u) = 4*u**3 - 16*u**2 - 614*u - 605. Determine q(15).
85
Let x(z) = -8*z**3 - 346*z**2 + 1010*z - 112. Calculate x(-46).
-20
Let y(v) = -2*v**3 + 83*v**2 + 461*v + 596. Determine y(-3).
14
Let b(j) = -29759*j + 4017486. Give b(135).
21
Let h(z) = 27468*z - 576841. Calculate h(21).
-13
Let w(y) = -5*y**2 - 121*y + 1642. What is w(-44)?
-2714
Let g(f) = 72428*f - 217305. What is g(3)?
-21
Let l(m) = 1706*m - 10473. Calculate l(6).
-237
Let t(a) = -2960*a - 281329. What is t(-95)?
-129
Let v(h) = -4158*h - 266118. What is v(-64)?
-6
Let b(o) = o**2 - 816*o + 39480. Give b(52).
-248
Let k(j) = -2*j**3 - 15*j**2 + 402*j + 3516. Calculate k(-10).
-4
Let i(w) = -26772*w + 160813. Determine i(6).
181
Let n(s) = -57*s**3 + 34*s**2 - 240*s + 243. Determine n(1).
-20
Let c(y) = 149*y + 3810. Determine c(-27).
-213
Let w(j) = -j**2 + 527*j - 9654. Determine w(19).
-2
Let q(o) = o**3 - 41*o**2 + 23*o + 117. Calculate q(39).
-2028
Let o(g) = 20*g**2 + 113*g + 160. Give o(-3).
1
Let s(d) = -69008*d - 5796673. Calculate s(-84).
-1
Let z(u) = 444*u + 182912. Determine z(-412).
-16
Let m(d) = d**3 - 4*d**2 - 1576*d + 771. What is m(-38)?
11
Let q(k) = -k**2 - 16553*k - 1743380. Determine q(-106).
2
Let h(d) = -107489*d + 6449308. What is h(60)?
-32
Let i(a) = -a**2 + 423*a + 54808. Calculate i(-104).
0
Let a(k) = -k**3 - 25*k**2 + 668*k - 968. What is a(15)?
52
Let u(d) = -d**3 - 3*d**2 + 301*d + 599. What is u(-2)?
-7
Let a(t) = -t**3 + 429*t**2 + 5711*t - 130. Calculate a(-13).
325
Let s(d) = 2318*d - 305966. What is s(132)?
10
Let l(v) = 1861*v - 50426. Determine l(23).
-7623
Let x(l) = 165*l**2 + 58141*l + 21468. Determine x(-352).
-4
Let x(a) = -a**3 - 10*a**2 + 11724*a + 70480. Give x(-6).
-8
Let o(l) = -2*l**3 - 85*l**2 + 251*l + 1166. Determine o(-45).
-4
Let v(f) = -f**3 - 20*f**2 - 102*f - 46. Determine v(-8).
2
Let c(m) = -2*m**2 + 62549*m - 500266. Give c(8).
-2
Let y(f) = -108*f**2 + 688*f - 719. Determine y(5).
21
Let s(i) = 657526*i - 5917733. Calculate s(9).
1
Let x(y) = -y**3 - 4253*y**2 - 16993*y + 8. Determine x(-4).
-4
Let u(w) = -2*w**3 - 71*w**2 + 771*w + 1222. What is u(-44)?
210
Let x(h) = -2*h**3 + 27*h**2 - 59*h + 287. Determine x(13).
-311
Let a(t) = -2*t**2 - 1044*t - 100192. Determine a(-396).
-400
Let n(q) = -1326*q + 58254. What is n(44)?
-90
Let d(b) = -21070*b + 84268. Give d(4).
-12
Let w(v) = -54*v**2 + 8728*v + 3233. Determine w(162).
-7
Let o(n) = -327*n - 129120. Give o(-395).
45
Let a(j) = -2562*j + 46030. What is a(18)?
-86
Let a(j) = -1685*j**2 + 5058*j + 10. What is a(3)?
19
Let a(i) = 12*i**3 - 1497*i**2 - 398*i + 2855. Determine a(125).
-20
Let b(z) = 9*z**2 - 352*z + 156. Determine b(37).
-547
Let y(j) = -j**3 + 286*j**2 + 3087*j - 37589. Give y(296)